he units digit of (x/p)/((-2)/(-28))?
7
What is the tens digit of (-321 - (0/2)/(-2))*-1?
2
Suppose -r - 2*a - 2*a = -258, 0 = -5*r + 2*a + 1202. What is the tens digit of r?
4
Suppose 5*c - 4*n - 45 = 0, 0*c = c + 3*n + 10. Let q be 0 - 0 - (-6)/2. Suppose -2*j = -5*r + 53, q*j - 15 = -c*r + 2*r. What is the units digit of r?
9
Suppose 191*t + 531 = 194*t. What is the tens digit of t?
7
Let m(a) = -a**2 - 5*a - 2. Let d be m(-11). Let l = 30 + d. Let c = -22 - l. What is the tens digit of c?
1
Let z(f) = -3*f - 1. Let r be z(-1). Suppose 3*o + r + 13 = 0, 3*n = 4*o + 32. Suppose -14 = -u + 2*t + t, n*u + 3*t - 11 = 0. What is the units digit of u?
5
Let s(w) = 2*w**2 - 14*w - 6. Let k(d) = d**2 - 9*d - 4. Suppose 0 = -2*i + 7 + 3. Let j(v) = i*s(v) - 8*k(v). What is the units digit of j(-2)?
6
Let a = -40 - -16. Let p = a - -35. What is the tens digit of p?
1
Let t(i) = -i**3 - 15*i**2 - i + 12. What is the tens digit of t(-15)?
2
Let n = 5 - 11. Let m = n + 8. What is the units digit of m?
2
Let y be 1 - 2 - (-1 + 2). Let i be (y/6)/(2/(-36)). What is the tens digit of (3/i)/((-2)/(-60))?
1
Let r = 2 - -2. Suppose 0 = r*t - 0*t - 44. What is the units digit of t?
1
Suppose w - 71 = 5*x, -3*x + 169 = 3*w + w. What is the tens digit of w?
4
Suppose -s - x + 111 = 0, 2*s = 4*s - 5*x - 257. What is the hundreds digit of s?
1
What is the units digit of 3 - 1 - (4*-36 - 1)?
7
What is the tens digit of (12/30)/(1/50)?
2
Suppose 2*r = -0*r + 20. Suppose -s = 4*s - r. What is the units digit of s?
2
Suppose -2*m + 4*i = -66, -4*m + 5*i + 150 = m. What is the tens digit of m?
2
Let h(p) = 2*p - 12. Let c be h(6). Suppose -3*a + c*a = -159. What is the tens digit of a?
5
Suppose 0 = 3*f - 5*f - 10. Let b = f - -7. What is the units digit of b?
2
Suppose -g + 13 = -2*g. Let t be 6/(-21) + 304/(-14). Let j = g - t. What is the units digit of j?
9
Let a(h) = 2*h**2 - 2. Let j be a(3). Suppose -j = -2*c + 5*r, c = -c - 2*r + 44. What is the units digit of c?
8
Let s be (135/(-36))/((-2)/(-8)). Let i = -5 - -15. What is the units digit of s*2/i*-3?
9
Let w = -5 + 9. Suppose -h + 1 = -w. Suppose h*i - i - 16 = 0. What is the units digit of i?
4
Let o = -4 - -5. Let n(m) = 26*m**2. What is the units digit of n(o)?
6
Suppose 2*z + 6 = -h, -3*h - 2*z - 13 = 3*z. Let f = 11 - h. What is the units digit of f?
7
Suppose -60 = -4*d - 16. Suppose -5*g + 3*g = 3*t + d, 3*g - 5*t - 12 = 0. Let z = g + 4. What is the units digit of z?
3
Suppose -61 = -0*y - 2*y + g, g - 107 = -4*y. What is the units digit of y?
8
Suppose -15 = j + 4*j. What is the units digit of j/12 + 245/20?
2
What is the tens digit of 4/(-12)*-3*23?
2
Let m(r) be the third derivative of r**6/120 - r**5/10 + 5*r**4/24 + r**3/2 - 2*r**2. Let n be m(5). Suppose 2 = w - n. What is the units digit of w?
5
Let t(l) = -2*l**2 + l**2 - 9*l + 4 + 7. What is the units digit of t(-9)?
1
Let d be -10 - 0/(12/3). What is the tens digit of (-1)/(-1 - 0) - d?
1
Suppose 4*z - 7 - 17 = 0. Let p be 3/(z*2/8). Suppose -4*w + 21 = -2*w + 3*d, -w + p*d = 0. What is the units digit of w?
6
Let m = 18 - 13. Suppose -m*l = -8*l + 9. What is the units digit of l?
3
Suppose 5*n - 24 = n. Suppose -n = -z + 17. What is the units digit of z?
3
Suppose 0 = -2*k + 4*k - 4. What is the units digit of k?
2
Suppose -2 = 4*q - 14. What is the units digit of (4/(-12))/(q/(-135))?
5
Suppose 2*g + 261 = 3*y, -y = y + 5*g - 155. What is the units digit of y?
5
Let b(k) = -k**2 - 5*k - 2. Let c be b(-5). Suppose -3*j - 9 = 4*n, 2*n + 2*j + 0 + 2 = 0. Let l = c - n. What is the units digit of l?
4
Suppose -3*o + 4*m + 926 - 231 = 0, -5*m - 25 = 0. What is the hundreds digit of o?
2
Let l(d) = -5*d + 2. Let r(n) = -26*n + 9. Let m(p) = 11*l(p) - 2*r(p). What is the tens digit of m(-3)?
1
Let j be 2/(4/3)*2. Suppose 9 = 3*x + j*o, x = 3*o - 6*o - 3. What is the units digit of x?
6
Suppose 0 = 4*b - 3 + 15. Let q = b - -20. What is the units digit of q?
7
Suppose 0 = -2*c - 5*z - 0*z + 63, 5*c = -5*z + 150. What is the tens digit of c?
2
Suppose -3*f + 266 = 2*f + 3*q, -198 = -4*f + 5*q. What is the units digit of f?
2
Suppose 3*m = -2*o + 12, -2*o - 4 + 0 = -5*m. Suppose -m*y - 4*t - 3 = -y, 0 = 4*y + 4*t - 12. What is the units digit of y?
5
Suppose 76 = -5*o + 306. What is the tens digit of o?
4
Suppose 0 = -3*m - a + 11, m - 3*a + 25 = 6*m. What is the units digit of (0 - 2)/(m/(-3))?
3
What is the tens digit of (24/(-36))/(1*2/(-366))?
2
Let u be (-2)/6 - (-26)/6. Suppose 0*l = -u*l + 40. What is the tens digit of l?
1
What is the units digit of 6/((-6)/2) - 1*-86?
4
Suppose 2*n - 3*n + 150 = 0. Let o = 70 - n. What is the units digit of 6/4*o/(-15)?
8
Let r = -12 + 51. What is the units digit of r?
9
Suppose -4*v = -6*v + 570. What is the tens digit of v?
8
Suppose -6*c + 8 = -4*c. Suppose g - 6 = -f, -3*f + 14 = 4*g - c. Suppose 3*u = 3, -1 = -d - u + f*u. What is the units digit of d?
6
Suppose 1 = 2*s + b - 6, -2*b - 34 = -4*s. What is the units digit of s?
6
Suppose -k - 14 = -3*k. What is the units digit of k?
7
Let h(a) be the second derivative of a**3/6 + 7*a**2 + a. What is the tens digit of h(0)?
1
Suppose -m + 6*m = 4*t + 44, 0 = 4*m. Let i = -50 - -35. Let k = t - i. What is the units digit of k?
4
Let o be (2/(-6))/((-4)/348). Let c = 5 - o. Let w = c - -34. What is the units digit of w?
0
Suppose -3*b + 1 + 8 = 0. What is the units digit of b?
3
Suppose 3 = 2*v - 25. What is the units digit of v?
4
Suppose v - 40 = 2*b, 0 = 2*v - 0*v + 4*b - 112. Suppose 3 = 3*s - v. What is the tens digit of s?
1
Suppose 3*f - 3*z - 549 = -6*z, 0 = -4*f - 5*z + 737. What is the units digit of f?
8
Let o(k) = k + 21. What is the tens digit of o(12)?
3
Let q be (-1)/(3/15) + 0. What is the units digit of -3 + (4 - 3) - q?
3
Suppose -i + 70 = 4*i. What is the units digit of (-4)/i - 186/(-14)?
3
Let j(d) = -206*d**3 + 2*d**2 + 4*d + 3. What is the hundreds digit of j(-1)?
2
Let v(i) = 3*i + 9. What is the tens digit of v(6)?
2
Let q = 60 - 29. Suppose q + 10 = k. What is the tens digit of k?
4
Suppose 12*m + 10 = 34. Let c(k) = 4*k**2 + k + 2. Let q be c(-2). Suppose m*y - q = -2. What is the units digit of y?
7
Let l = 51 - 26. Suppose j - v = 8, 2*j - 5*v = -0*v + l. Suppose -1 + j = 4*u. What is the units digit of u?
1
Let h = 368 + -179. What is the units digit of h?
9
Let i be (-10)/45 + 38/9. Suppose 4 - 24 = -3*d - 2*t, -i*t = d - 10. What is the units digit of d?
6
Let b(m) = m**3 + 6*m**2 - 2*m + 5. Let n be b(-4). Let u = -14 + n. Suppose -4*o = 7 - u. What is the units digit of o?
6
Suppose 0 = 4*h - 9*h. Let l be 12/(-9)*6/(-4). Let f = l + h. What is the units digit of f?
2
Suppose -7 = -2*c - o, 4*c = c + o + 18. Let n(x) = -4*x + 2 + 0*x + x**2 + 0*x. What is the units digit of n(c)?
7
Suppose -p + 17 = -2*t + 57, p = 3*t - 58. Let g be t/8 + (-2)/8. Suppose 3 = o + g*o. What is the units digit of o?
1
Let u be 6/9 - 22/6. Let l be 1*(u + 2)*-1. Let n = l + 2. What is the units digit of n?
3
Suppose 0 = 2*h - 4*h + 22. Suppose -2*p = -3 - h. Suppose -2*q - 2*f = -10, 2*q - p = f + 9. What is the units digit of q?
7
Let d(a) = 9*a**2. Let h be d(-1). What is the units digit of (-2 + 57/h)*3?
3
Suppose 2*n + 0*n + 2*d - 176 = 0, -2*d - 76 = -n. What is the units digit of n?
4
Suppose -2*w - x + 46 = -0*w, -3*w = -x - 74. What is the tens digit of w?
2
Suppose -6*i + 20 = -i. Suppose 7*k = i*k + 30. Let l = k + 8. What is the units digit of l?
8
Suppose -3*w = 5*m - 2*w - 129, -2*m + 34 = -4*w. What is the tens digit of m?
2
Let r(f) = 2 + 7 - 10*f + 0 + f**2 + 3. What is the units digit of r(10)?
2
Let n(v) = -v**2 + v + 10. Let g be n(7). Suppose 3*s = 5*s - 92. Let x = g + s. What is the tens digit of x?
1
What is the hundreds digit of ((-228)/(-95))/(6/400)?
1
Let j(y) = -y + 1. Let n be j(-1). Suppose -2*s - n*x = -24, 4*s + x + x = 52. What is the units digit of s?
4
Let u(x) = -x - 2. Let b be u(-2). Suppose 0 = -4*t - b*t. Suppose 0 = 4*j - t*j - 28. What is the units digit of j?
7
Let y(u) = -3*u + 5. Suppose 0 = 3*n + 3 + 9. What is the tens digit of y(n)?
1
Suppose -4*v - 5*a + 2*a = -1177, 5*v - 2*a - 1477 = 0. What is the hundreds digit of v?
2
Let a(g) = -8*g**2 + 8*g**3 + 0*g**3 - 7*g**3 + 3. What is the units 